87. Determine k(-1).
-1005
Let v(r) = 2659*r - 821629. Calculate v(309).
2
Let g(y) = -4*y**2 + 400*y - 1115. Give g(91).
2161
Let w(k) = -119*k - 456. Give w(-5).
139
Let r(t) = -t**2 + 3784*t + 380460. Give r(-98).
24
Let h(s) = -387*s - 26498. Give h(-66).
-956
Let u(h) = 724*h + 72281. Determine u(-102).
-1567
Let o(q) = 6*q**3 - 419*q**2 - 483*q - 989. Give o(71).
5
Let a(s) = 2*s**3 + 15*s**2 + 13*s - 35. What is a(-10)?
-665
Let q(k) = k**2 + 97*k - 1516. Calculate q(14).
38
Let i(a) = 269*a**2 + 5789*a + 27336. Calculate i(-7).
-6
Let z(j) = 1466*j + 33602. Determine z(-23).
-116
Let f(h) = 1460*h**2 - 4396*h + 59. What is f(3)?
11
Let x(k) = -2*k**3 + 708*k**2 - 2801*k + 367. Calculate x(350).
17
Let q(b) = b**2 + 88*b + 1623. What is q(-62)?
11
Let c(r) = -2470*r + 86474. What is c(35)?
24
Let w(c) = -1633*c - 1406045. What is w(-861)?
-32
Let u(w) = -2906499*w - 34877992. Determine u(-12).
-4
Let t(y) = -160464*y + 19416133. What is t(121)?
-11
Let g(f) = 2608*f - 166931. Give g(64).
-19
Let s(u) = u**3 - 3*u**2 - 870*u + 236. Determine s(-28).
292
Let t(p) = -3*p**3 + 1998*p**2 + 24403*p + 3395. Give t(678).
5
Let a(t) = t**3 + 16*t**2 - 72*t - 35. What is a(-20)?
-195
Let t(o) = o**3 + 28*o**2 + 18*o - 224. Give t(-27).
19
Let n(v) = 3*v**3 - 22*v**2 + 20*v - 127. Give n(9).
458
Let i(v) = -805*v + 41057. Determine i(51).
2
Let m(k) = -18*k**2 - 1762*k - 3518. What is m(-2)?
-66
Let h(t) = 223*t + 14609. Determine h(-77).
-2562
Let h(z) = -1943*z - 76890. Calculate h(-40).
830
Let p(f) = -16137*f - 96847. What is p(-6)?
-25
Let x(s) = 2*s**2 + 125*s - 1288. What is x(11)?
329
Let r(h) = 25*h**2 - 216*h + 427. Calculate r(7).
140
Let d(t) = 2*t**3 + 73*t**2 - 138*t - 6411. Calculate d(-36).
-147
Let j(o) = -11*o**3 + 295*o**2 + 53*o + 28. Determine j(27).
1
Let k(j) = 292257*j - 8183187. What is k(28)?
9
Let q(d) = -d**2 + 17*d + 274. Calculate q(-25).
-776
Let h(j) = j**3 - 87*j**2 - 262*j - 715. Determine h(90).
5
Let o(z) = -11*z**3 + 135*z**2 + 304*z - 34. What is o(14)?
498
Let n(p) = -760*p - 10647. Determine n(-14).
-7
Let t(j) = -1192*j - 1077. Determine t(-1).
115
Let d(o) = 6085*o - 4801076. Give d(789).
-11
Let k(j) = -10*j**3 - 96*j**2 + 71*j + 301. Give k(-10).
-9
Let g(i) = -6*i**3 + i**2 - 140*i + 410. Determine g(3).
-163
Let d(j) = -24612*j - 1944384. What is d(-79)?
-36
Let k(d) = -7489*d + 37499. Give k(5).
54
Let p(d) = -61*d**2 + 19037*d + 19049. What is p(-1)?
-49
Let r(t) = -43*t**2 - 372*t - 50. Determine r(-7).
447
Let f(l) = -2*l**2 + 35*l + 931. Calculate f(-32).
-2237
Let c(y) = 415*y - 2493. Give c(9).
1242
Let f(o) = o**3 + 132*o**2 + 375*o + 15508. Give f(-130).
558
Let c(p) = -2*p**3 - 126*p**2 + 174*p + 2951. Give c(-64).
7
Let c(k) = -9*k**2 + 3030*k - 74. Calculate c(0).
-74
Let v(m) = 72649*m - 1162093. What is v(16)?
291
Let a(d) = 2*d**3 + 23*d**2 + 131*d + 374. Determine a(-13).
-1836
Let g(x) = 2*x**2 + 3069*x - 46386. Calculate g(15).
99
Let g(b) = 16*b**2 - 268*b - 3. Calculate g(18).
357
Let c(d) = -53*d**2 + 6148*d + 61. What is c(116)?
61
Let b(c) = 2*c**3 + 746*c**2 + 4405*c + 46. Give b(-6).
40
Let i(r) = -2*r**2 - 241*r + 6761. Determine i(-144).
-7
Let y(o) = o**3 + 511*o**2 - 334776*o - 2. Determine y(-888).
-2
Let m(o) = -2*o**2 - 469785*o + 21144377. What is m(45)?
2
Let k(n) = 131953*n + 1319529. What is k(-10)?
-1
Let m(b) = -158*b - 4408. Give m(-28).
16
Let v(w) = 21095*w - 83890. Give v(4).
490
Let h(f) = -f**3 - 13*f**2 + 2*f - 815. Give h(-16).
-79
Let y(x) = -177*x - 12758. What is y(-75)?
517
Let b(p) = -5740*p - 6178. Determine b(-1).
-438
Let v(c) = 4495*c - 22564. Give v(5).
-89
Let t(h) = -2723*h - 81685. Determine t(-30).
5
Let y(m) = -78*m**3 - 17*m**2 - 3*m - 7. Determine y(-2).
555
Let s(y) = 3062*y + 33673. What is s(-11)?
-9
Let m(g) = -184*g**2 + 17*g + 245. Give m(-5).
-4440
Let x(n) = 38*n**2 + 307*n + 501. What is x(-6)?
27
Let b(q) = -8950*q - 17827. Determine b(-2).
73
Let k(g) = 818*g - 212260. Determine k(259).
-398
Let q(f) = 2*f**2 - 90*f - 11344. What is q(101)?
-32
Let h(p) = -54193*p**2 + 25308129*p + 933. Give h(467).
-1
Let n(x) = -6*x**2 + 18*x + 98. Determine n(-10).
-682
Let b(w) = -35*w + 3717. Give b(98).
287
Let c(k) = -40*k**2 - 1508*k + 261. Give c(-38).
-195
Let m(f) = -446*f**3 + 8030*f**2 - 8*f - 452. Calculate m(18).
52
Let v(w) = 2*w**2 + 229*w - 204367. Give v(-382).
3
Let q(b) = 119*b**2 - 96853*b - 10584. Give q(814).
-2
Let i(d) = -d**3 - 3*d**2 - 196*d + 1943. Give i(9).
-793
Let t(v) = -v**3 - 21*v**2 - 17*v + 78. Give t(-21).
435
Let b(o) = 13643*o + 190091. Give b(-14).
-911
Let i(h) = -2*h**3 - 52*h**2 - 286*h - 85. Calculate i(-7).
55
Let p(c) = 62*c + 1014. What is p(-9)?
456
Let n(g) = -12573*g + 112550. Determine n(9).
-607
Let h(a) = a**2 - 10182*a + 1326614. What is h(132)?
14
Let h(o) = -o**2 + 570*o - 61150. Give h(134).
-2726
Let j(a) = 467*a + 4811. Determine j(-10).
141
Let w(t) = -440*t - 3247. Determine w(-7).
-167
Let y(d) = -18*d**3 - 219*d**2 - 675*d - 183. Calculate y(-7).
-15
Let f(u) = u**2 + 11*u - 995. What is f(-36)?
-95
Let x(r) = -8846*r + 88421. Determine x(10).
-39
Let x(l) = -1326889*l - 7961340. Give x(-6).
-6
Let z(i) = 2428*i - 31519. Give z(13).
45
Let r(b) = -7708*b + 30883. Determine r(4).
51
Let v(i) = 4*i**3 - 499*i**2 - 1495*i + 31. Determine v(-3).
-83
Let g(y) = -y**2 - 19976*y - 1750103. Calculate g(-88).
41
Let r(p) = 2*p**2 - 999*p + 29906. Determine r(32).
-14
Let b(h) = 653*h - 143798. Determine b(221).
515
Let h(u) = 7*u**2 - 1946*u - 1041461. Determine h(549).
-8
Let v(q) = 36*q**2 - 478*q + 1592. What is v(7)?
10
Let v(i) = 24*i**3 - 4*i**2 + 183*i - 91. Determine v(0).
-91
Let b(l) = -405*l**3 + 6*l**2 + 82*l - 170. Calculate b(2).
-3222
Let h(q) = q**2 + 2872*q + 57114. Determine h(-20).
74
Let a(u) = -258*u + 16779. Calculate a(65).
9
Let d(a) = 3*a**2 - 2363*a - 38569. Give d(-16).
7
Let q(n) = -10000*n - 124045. What is q(-12)?
-4045
Let y(v) = v**3 - 26*v**2 - 6956*v + 168090. Give y(24).
-6
Let p(i) = 5*i**3 + 3*i**2 + 90*i + 553. Give p(-5).
-447
Let f(j) = -3738*j + 478492. Determine f(128).
28
Let x(a) = -1608*a + 1680394. What is x(1045)?
34
Let d(u) = 14*u**2 - 327*u - 779. Calculate d(21).
-1472
Let c(b) = -6*b**3 - 69*b**2 - 43*b - 96. Give c(-11).
14
Let h(f) = -f**3 + 81*f**2 + 76*f + 302. Calculate h(82).
-190
Let o(v) = 1279*v**2 + 19192*v + 115. What is o(-15)?
10
Let v(l) = -l**3 - 5*l**2 + 154*l - 49. What is v(10)?
-9
Let c(h) = 89*h - 3228. Give c(39).
243
Let l(g) = 3*g**3 - 356*g**2 + 184*g + 4125. Calculate l(118).
-2011
Let n(t) = -2083*t - 18805. Calculate n(-9).
-58
Let f(h) = h**3 - 186*h**2 + 1599*h - 868. What is f(177)?
194
Let k(h) = -h**3 - 70*h**2 + 93*h - 742. Give k(-71).
-2304
Let l(w) = 5142*w - 277641. Determine l(54).
27
Let i(b) = -3*b**2 + 5683*b - 1692003. What is i(370)?
7
Let n(s) = -1986326*s + 13904277. Give n(7).
-5
Let w(m) = -212*m - 3669. Calculate w(-26).
1843
Let n(d) = 2272*d + 908797. What is n(-400)?
-3
Let w(r) = -r**2 - 1015*r + 11275. Give w(11).
-11
Let a(o) = 54318*o - 325872. Calculate a(6).
36
Let r(c) = -7288*c - 531732. Give r(-73).
292
Let h(v) = 1146*v - 30369. Calculate h(25).
-1719
Let q(s) = -837241*s - 25954467. Give q(-31).
4
Let l(o) = -140*o**2 + 4477*o + 88. Give l(32).
-8
Let t(f) = f**3 + 325*f**2 + 403*f + 237660. Calculate t(-326).
6
Let q(t) = 12*t**3 + 352*t**2 - 286*t - 1318. Give q(-30).
62
Let k(b) = -728*b - 8964. What is k(-12)?
-228
Let b(h) = -15*h**3 - 511*h**2 - 16*h - 32. Determine b(-34).
-644
Let c(m) = 1021446*m + 1021452. What is c(-1)?
6
Let i(s) = s**3 + 165*s**2 + 1125*s + 3021. Determine i(-158).
19
Let m(y) = 3575*y + 2602607. Determine m(-728).
7
Let b(z) = 14*z**3 + 126*z**2 - 8*z - 55. What is b(-9)?
17
Let x(m) = m**2 + 6713*m - 114413. Give x(17).
-3
Let x(y) = -158*y**2 + 1248*y + 1414. What is x(-1)?
8
Let b(g) = g**2 - 2328*g - 247874. Give b(-102).
-14
Let w(f) = -331*f + 117402. Calculate w(355).
-103
Let r(y) = -y**3 - 72*y**2 + 33*y + 583. Give r(-73).
3503
Let g(j) = -j**3 + 17*j**2 - 61*j - 41. Give g(8).
47
Let u(g) = 112310*g - 2358511. Calculate u(21).
-1
Let y(z) = -374*z**3 - 173*z**2 - 169*z + 3. What is y(-1)?
373
Let t(a) = 1921*a + 121232. Determine t(-